990 and 704259?
153
Calculate the highest common factor of 831880 and 39760.
280
What is the greatest common factor of 2538556 and 56252?
164
Calculate the greatest common factor of 58 and 86975089.
29
Calculate the highest common divisor of 2392798178 and 1054.
1054
What is the highest common divisor of 2105 and 617367030?
2105
What is the highest common factor of 36946440 and 4760?
680
What is the greatest common divisor of 8102616 and 168?
24
What is the greatest common factor of 4660528 and 50504?
472
Calculate the highest common divisor of 32982261 and 2652.
663
Calculate the greatest common divisor of 17869 and 313617.
107
Calculate the greatest common factor of 96133 and 1008769.
251
What is the highest common divisor of 512 and 14964016?
16
What is the highest common divisor of 32500 and 1301885?
65
What is the highest common divisor of 1295858 and 26768?
478
What is the highest common divisor of 10919100 and 8160?
1020
Calculate the greatest common divisor of 18063825 and 32279.
2483
What is the greatest common divisor of 155234647 and 111?
37
What is the greatest common factor of 5460 and 179374?
26
What is the greatest common factor of 1410908 and 8120?
116
What is the highest common divisor of 8361952 and 258?
86
What is the greatest common divisor of 55146 and 8064?
42
What is the greatest common factor of 1284264 and 59832?
72
What is the greatest common factor of 513 and 53949303?
171
What is the highest common factor of 764079 and 5734?
47
What is the greatest common factor of 393 and 289725888?
393
What is the highest common factor of 6312933912 and 14712?
14712
What is the highest common factor of 74954756 and 1322?
1322
What is the highest common factor of 113539111 and 91?
7
What is the highest common factor of 1589908 and 2318324?
7004
Calculate the highest common divisor of 56454614 and 16168.
4042
What is the greatest common divisor of 1626392 and 50496?
2104
What is the greatest common factor of 5320 and 117868020?
380
Calculate the highest common divisor of 247252282 and 76.
38
What is the highest common divisor of 1348 and 16921?
1
What is the highest common divisor of 4004798 and 132020?
574
What is the highest common divisor of 2520 and 9312840?
360
Calculate the highest common factor of 15629868 and 4590.
918
What is the highest common divisor of 494745 and 91725?
15
What is the greatest common factor of 2213 and 65312269?
2213
What is the highest common factor of 512535 and 5571728?
727
Calculate the greatest common divisor of 1818 and 250416774.
1818
Calculate the highest common factor of 2493486 and 328680.
1494
What is the greatest common factor of 1250 and 99920?
10
Calculate the greatest common divisor of 202054952 and 88.
88
Calculate the highest common factor of 84 and 557376.
12
What is the highest common divisor of 116 and 150449100?
116
Calculate the highest common factor of 73311972 and 84.
12
Calculate the greatest common factor of 6560872 and 8.
8
Calculate the greatest common factor of 200 and 1347447450.
50
Calculate the highest common factor of 2672 and 56860828.
668
What is the greatest common factor of 238727420 and 435?
145
What is the greatest common divisor of 1504 and 51617312?
32
What is the greatest common divisor of 242 and 1326828?
2
What is the highest common factor of 9063293 and 5205?
347
Calculate the greatest common factor of 1098 and 311344.
122
What is the highest common factor of 15058 and 298155929?
7529
Calculate the greatest common divisor of 784 and 30730896.
112
What is the highest common divisor of 656 and 390400?
16
Calculate the highest common factor of 20 and 171162480.
20
Calculate the greatest common factor of 2755 and 178901435.
2755
Calculate the highest common factor of 33 and 2181153.
3
Calculate the highest common factor of 8942619 and 8799.
21
What is the greatest common factor of 596820 and 29988?
588
Calculate the greatest common factor of 93456 and 9648.
144
Calculate the highest common factor of 212702 and 746.
2
What is the highest common divisor of 715 and 10096801?
143
What is the highest common divisor of 29706423 and 303?
303
Calculate the greatest common factor of 11285 and 23199.
37
What is the greatest common divisor of 245584 and 400?
16
What is the greatest common divisor of 11413476 and 207?
9
Calculate the highest common divisor of 774 and 12956975.
43
What is the highest common divisor of 351 and 92286?
27
What is the highest common factor of 169006432 and 224?
224
Calculate the greatest common divisor of 6189106 and 73766.
154
Calculate the greatest common divisor of 5874587 and 1719.
191
Calculate the highest common divisor of 46 and 162173.
23
Calculate the greatest common divisor of 512353735 and 17.
17
What is the highest common factor of 86846 and 170059?
173
What is the greatest common factor of 651 and 3054576?
21
What is the highest common divisor of 24642 and 9594?
18
Calculate the greatest common factor of 285 and 55198230.
285
What is the greatest common divisor of 7830506 and 34?
34
Calculate the greatest common divisor of 383829 and 17363.
97
Calculate the greatest common divisor of 29736 and 5778.
18
What is the greatest common factor of 1900 and 181672300?
1900
Calculate the highest common factor of 1323738521 and 7.
7
What is the highest common factor of 430059190 and 80?
10
What is the highest common divisor of 783651 and 561?
33
What is the greatest common divisor of 14645 and 20409272?
2929
What is the greatest common factor of 194143 and 148890799?
8441
Calculate the highest common divisor of 31716173 and 15119.
1163
Calculate the greatest common factor of 206177825 and 63.
7
Calculate the highest common divisor of 96 and 22900512.
96
Calculate the greatest common divisor of 56034 and 48276404.
6226
Calculate the highest common divisor of 5169 and 353936937.
5169
Calculate the greatest common factor of 292 and 832400969.
73
Calculate the greatest common divisor of 514999 and 5959.
101
Calculate the greatest common factor of 185334 and 13358584.
3634
What is the highest common divisor of 4697704 and 5060?
1012
Calculate the greatest common divisor of 950 and 3611026.
38
Calculate the highest common factor of 89106050 and 1100.
550
Calculate the highest common divisor of 20539 and 1555283.
437
Calculate the highest common factor of 5803 and 6188.
7
What is the highest common factor of 591 and 75734877?
591
Calculate the highest common divisor of 85137981 and 424.
53
Calculate the highest common divisor of 148817074 and 7.
7
What is the highest common divisor of 272 and 29223986?
34
Calculate the highest common divisor of 100 and 82618360.
20
Calculate the highest common divisor of 76987 and 11189.
167
What is the highest common factor of 16 and 11176184?
8
Calculate the greatest common divisor of 1854049 and 7209289.
4057
Calculate the greatest common factor of 353 and 722951413.
353
What is the highest common factor of 207 and 4800514?
23
Calculate the greatest common factor of 114034716 and 288.
36
What is the highest common divisor of 7019606 and 1370?
274
What is the highest common factor of 4220268 and 188604?
2028
What is the highest common factor of 810870 and 300490?
1510
Calculate the greatest common factor of 1474515 and 3627.
279
Calculate the highest common factor of 19595858 and 19312.
142
Calculate the greatest common divisor of 4274688 and 2640.
528
Calculate the greatest common divisor of 65 and 177935.
5
What is the greatest common factor of 7282020 and 160?
20
Calculate the highest common divisor of 42785313 and 207.
69
What is the highest common factor of 7250780 and 8132?
76
What is the greatest common divisor of 1333030 and 40?
10
Calculate the highest common divisor of 1200 and 7243800.
600
What is the highest common divisor of 31666 and 268238?
142
Calculate the greatest common divisor of 33 and 83527499.
11
What is the highest common divisor of 64 and 9922560?
64
What is the highest common factor of 704197754 and 286?
26
What is the greatest common divisor of 2247 and 3639818679?
2247
What is the greatest common factor of 1281819 and 924?
231
Calculate the greatest common divisor of 342472 and 2886.
962
Calculate the highest common factor of 225726 and 19770.
6
What is the greatest common factor of 1